{"id":245,"date":"2012-10-08T22:29:41","date_gmt":"2012-10-09T01:29:41","guid":{"rendered":"http:\/\/www.sosavesecia.org.br\/wp\/?page_id=245"},"modified":"2022-08-29T14:35:28","modified_gmt":"2022-08-29T17:35:28","slug":"home","status":"publish","type":"page","link":"https:\/\/www.sosavesecia.org.br\/","title":{"rendered":""},"content":{"rendered":"<p><iframe loading=\"lazy\" title=\"Projeto na ALESP para que pr\u00e9dios envidra\u00e7ados evitem colis\u00f5es de p\u00e1ssaros.\" width=\"640\" height=\"360\" src=\"https:\/\/www.youtube.com\/embed\/BFF8DZUuUlY?feature=oembed\" frameborder=\"0\" allow=\"accelerometer; autoplay; clipboard-write; encrypted-media; gyroscope; picture-in-picture; web-share\" referrerpolicy=\"strict-origin-when-cross-origin\" allowfullscreen><\/iframe><\/p>\n<h1><a href=\"https:\/\/www.sosavesecia.org.br\/?page_id=1718\"><img loading=\"lazy\" decoding=\"async\" class=\"alignleft wp-image-1671 size-full\" src=\"https:\/\/www.sosavesecia.org.br\/wp-content\/uploads\/2012\/05\/alerta_terremoto.gif\" alt=\"alerta_terremoto\" width=\"200\" height=\"200\" srcset=\"https:\/\/www.sosavesecia.org.br\/wp-content\/uploads\/2012\/05\/alerta_terremoto.gif 200w, https:\/\/www.sosavesecia.org.br\/wp-content\/uploads\/2012\/05\/alerta_terremoto-150x150.gif 150w\" sizes=\"auto, (max-width: 200px) 100vw, 200px\" \/><\/a><a href=\"https:\/\/www.sosavesecia.org.br\/?page_id=1718\">O POMBO TRANSMITE DOEN\u00c7AS? MITO OU REALIDADE!<\/a><\/h1>\n<div><\/div>\n<p><a href=\"https:\/\/pt-br.facebook.com\/sosavesecia\"><img loading=\"lazy\" decoding=\"async\" class=\"aligncenter size-full wp-image-1767\" src=\"https:\/\/www.sosavesecia.org.br\/wp-content\/uploads\/2012\/05\/facebook.jpeg\" alt=\"facebook\" width=\"412\" height=\"122\" srcset=\"https:\/\/www.sosavesecia.org.br\/wp-content\/uploads\/2012\/05\/facebook.jpeg 412w, https:\/\/www.sosavesecia.org.br\/wp-content\/uploads\/2012\/05\/facebook-300x89.jpeg 300w\" sizes=\"auto, (max-width: 412px) 100vw, 412px\" \/><\/a><\/p>\n","protected":false},"excerpt":{"rendered":"<p>O POMBO TRANSMITE DOEN\u00c7AS? MITO OU REALIDADE!<\/p>\n","protected":false},"author":1,"featured_media":0,"parent":0,"menu_order":0,"comment_status":"open","ping_status":"open","template":"","meta":{"footnotes":""},"class_list":["post-245","page","type-page","status-publish","hentry"],"_links":{"self":[{"href":"https:\/\/www.sosavesecia.org.br\/index.php?rest_route=\/wp\/v2\/pages\/245","targetHints":{"allow":["GET"]}}],"collection":[{"href":"https:\/\/www.sosavesecia.org.br\/index.php?rest_route=\/wp\/v2\/pages"}],"about":[{"href":"https:\/\/www.sosavesecia.org.br\/index.php?rest_route=\/wp\/v2\/types\/page"}],"author":[{"embeddable":true,"href":"https:\/\/www.sosavesecia.org.br\/index.php?rest_route=\/wp\/v2\/users\/1"}],"replies":[{"embeddable":true,"href":"https:\/\/www.sosavesecia.org.br\/index.php?rest_route=%2Fwp%2Fv2%2Fcomments&post=245"}],"version-history":[{"count":58,"href":"https:\/\/www.sosavesecia.org.br\/index.php?rest_route=\/wp\/v2\/pages\/245\/revisions"}],"predecessor-version":[{"id":2308,"href":"https:\/\/www.sosavesecia.org.br\/index.php?rest_route=\/wp\/v2\/pages\/245\/revisions\/2308"}],"wp:attachment":[{"href":"https:\/\/www.sosavesecia.org.br\/index.php?rest_route=%2Fwp%2Fv2%2Fmedia&parent=245"}],"curies":[{"name":"wp","href":"https:\/\/api.w.org\/{rel}","templated":true}]}}